 8*t - 3*t + 88, -5*c - f*t = -380. What is the tens digit of c?
7
What is the ten thousands digit of (82 - 81)/(4/26*7/20902)?
1
Suppose 12*n - 163 + 55 = 0. Suppose 0 = n*t - t - 144. What is the units digit of t?
8
Let q = 29029 + 20340. What is the ten thousands digit of q?
4
Suppose -2*g = -9*g + 84. Let n be ((-3)/(-9))/((-2)/g). What is the tens digit of (3/n)/((-9)/228)?
3
What is the units digit of 152980/50 + -9 - (-2)/5?
1
Let i be (56/(-35)*-1)/((-4)/570). Let x = -183 - i. What is the tens digit of x?
4
Suppose 284 = 7*c - 4*c - 4*i, -181 = -2*c + i. Let f = -85 + c. What is the hundreds digit of f*8*(-60)/(-10)?
1
Let k(x) = 2274*x - 3573. What is the ten thousands digit of k(20)?
4
Let a = 13 + -12. Suppose 0 = 2*m - 7 + a. Suppose 0 = -7*b + 4*b, i - m*b - 88 = 0. What is the tens digit of i?
8
Let h(g) = g**3 + 6*g**2 - 19*g - 21. Let f be h(-8). Suppose -2025 = -2*m - f*m. What is the units digit of m?
5
Let q(d) = 6*d - 6*d**2 + 105 - 62 + d**3 + 8*d + 0*d**3. What is the tens digit of q(13)?
0
Suppose 6*b - 9 = 21. Suppose -b*r + j = -1515, 3*r - 4*j - 892 = -0*r. Suppose -2*g + 151 = -3*o, -4*g + 5*o = 5 - r. What is the tens digit of g?
7
Let n = 7 + -5. Let j be n/1 + 0 + (0 - 0). Let u(l) = -l**3 + 4*l**2 - 6*l + 7. What is the units digit of u(j)?
3
Let f(l) = 376*l - 94*l**3 - 5*l**2 + 96*l**3 - 377*l + 8. Let s = 9 + -5. What is the tens digit of f(s)?
5
Let l(j) = 7*j**3 + 3*j**2 - 4*j - 2. Let a = -20 + 6. Let t = 16 + a. What is the tens digit of l(t)?
5
Let j(n) = -43*n**3 - 55*n**2 + 2. What is the units digit of j(-9)?
4
Suppose -a + 44*o + 10999 = 40*o, 2*o - 32997 = -3*a. What is the hundreds digit of a?
9
Suppose -452*w + 439*w + 96265 = 0. What is the units digit of w?
5
Suppose 3*h - 18906 = -5*g, -6336 = -h + 2*g + 2*g. What is the hundreds digit of h?
3
Let s = -511 - -597. Let w = 631 - s. What is the units digit of w?
5
Suppose -316 = -4*y + 4*r - 8*r, -5*y + 3*r = -387. Suppose 448 = y*j - 76*j. Let m = j - 158. What is the units digit of m?
6
Suppose -4*m - 10 + 23 = 3*n, 2*m + 2*n - 4 = 0. What is the thousands digit of ((924/15)/m)/(2/385)?
1
Suppose 29*l - 6966 = 32532. What is the units digit of l?
2
Suppose -5*t - 9 + 29 = 0. Suppose v + 513 = -t*z + 9*z, -3*z + v = -307. Suppose -2*a = m - 60, -z = -5*a + 5*m + 47. What is the units digit of a?
0
Suppose 20*f - 260 = 10*f. Let q be (-1)/(-3 + 1 + f/14). Suppose 261 = q*o - 460. What is the hundreds digit of o?
1
What is the thousands digit of -1134*(27/(-6) + 0)?
5
Suppose -4*r - q = -9017, 11267 = -25*r + 30*r - 3*q. What is the tens digit of r?
5
Let w(k) = 42*k - 22*k**2 + 103 - 57 + k**3 - 65. What is the units digit of w(21)?
2
Let i be (-8 - (-442)/65)/(6/(-20)). What is the tens digit of i/6*(14145/10 + -6)?
3
Suppose -202*m + 6141 = -199*m. Let n = -681 + m. What is the units digit of n?
6
Suppose -5*v = -7*v + 184. Let p = v + -101. What is the units digit of (3/p)/((-3)/747)?
3
What is the units digit of 25*(-33)/165 + 9393 + 0?
8
Suppose 0 = -28*z + 20*z + 159104. What is the thousands digit of z?
9
Let z = -1535 - -5714. What is the thousands digit of z?
4
Suppose -25*b = -13*b + 7308. Let w = b - -1141. What is the hundreds digit of w?
5
Let n = 8 + -8. Suppose 3*s - 447 = -n*s. What is the tens digit of s - (-9)/((-15)/(-5))?
5
Let o(u) = u**3 + 8*u**2 + u + 2. Let p be o(-8). What is the tens digit of 1 - ((-188)/(-12))/(p/90)?
3
Let y(g) = -100*g + 951. What is the units digit of y(-61)?
1
Let r(t) = 242*t + 1028. What is the thousands digit of r(55)?
4
Let k be ((-783)/15)/(6/(-20)). Let x = -384 - -289. Let v = k + x. What is the tens digit of v?
7
Let j be (-2844)/(-10)*((-156)/(-18) - 2). Let t = -1242 + j. What is the tens digit of t?
5
Let n = 53 - 96. Let i = 45 + n. Suppose 155 = 3*l + i*l. What is the tens digit of l?
3
Suppose -611 - 133 = -12*i. What is the units digit of i?
2
Let n(r) = 11*r - 6. Let y be n(3). What is the hundreds digit of 9012/y - 4*3/(-54)?
3
Let k(s) = -28*s**3 - 2*s**2 + 3*s. Let p be k(-2). What is the units digit of p/5 - 32/4?
4
Suppose -18*i = -9292 - 53294. What is the units digit of i?
7
Let f(o) = -39*o**2 - 41*o - 40. Let u be f(-1). Let n(s) = -32*s - 139. What is the tens digit of n(u)?
7
Suppose 864*s = 12641176 + 12762152. What is the ten thousands digit of s?
2
Let a be 49 + -4 + (2 - 1). Let t = a + -101. What is the units digit of (2 + t/4)*-4?
7
Let z(s) = s**2 - 10*s + 18. Let u be 0 - 14/(-2) - -1. Let y be z(u). Suppose -2*p + 2*i = -3*i - 136, y*p - 3*i = 144. What is the tens digit of p?
7
Suppose 10*d - 1911 = 3259. Suppose 7*h - 1310 = d. What is the hundreds digit of h?
2
Suppose -5*m + 260627 = -5*f - 66308, 5*m - f - 326955 = 0. What is the ten thousands digit of m?
6
Let p(j) = -117 + 89*j - 60*j - 393*j - 50*j. What is the thousands digit of p(-3)?
1
Let u(v) = -91*v**3 - 6*v**2 - 3*v - 1. Let k be u(-3). Suppose 0 = -16*r + 5 + k. Suppose b = -2*x + 264, -x - r = -b + 113. What is the units digit of b?
4
Let i = 3902 - 2335. What is the units digit of i?
7
Suppose 784*c + 128 = 780*c. Let u(m) = -m**3 - 30*m**2 + 44*m + 1. What is the hundreds digit of u(c)?
6
Suppose 3*i = 5*l - 0*l + 16, -3*l = -2*i + 10. Suppose -3*a - 255 = -5*n + 2*a, -i*a = 4*n - 222. What is the units digit of n/4*(0 - -2)?
7
Let w(g) = g**3 - 12*g**2 + 12*g + 10. Suppose 5*a + 10 = 0, -4*a = 2*q - 4*q + 188. Suppose -q = -5*o - 30. What is the units digit of w(o)?
4
Suppose -957773 = -101*z + 1520464. What is the hundreds digit of z?
5
Let z(r) = 3*r**2 - 16*r + 13. Let k(o) = o**3 - 14*o**2 + 6*o - 70. Let u be k(14). What is the tens digit of z(u)?
7
Let a be 1/((-18)/(-15) - (-1)/(-1)). Suppose 3*l - a*l + 4 = 0. Suppose -i + 4 = 2*b, 0 = b + 2*b - l*i - 20. What is the units digit of b?
4
Suppose 0 = j - 343 - 1. Suppose -u = u - j. Let y = u - 76. What is the units digit of y?
6
Let v(h) = -4*h**2 + h + 0*h**2 + 3*h**2 + 2*h**2. Let a(o) = -o**3 + 3*o**2 - 5*o - 22. Let b(q) = a(q) + 5*v(q). What is the tens digit of b(5)?
5
Let b be 112/20 + 3/(-5). Suppose 4*x - 30 = -b*m, -3*x + 2*m - 24 = -7*x. What is the hundreds digit of 507/5 + (-2 - (-8)/x)?
1
Let s = -857 - -3848. Suppose -3*l + s - 282 = 0. What is the tens digit of 2/(-8) - l/(-12)?
7
Let v = 191095 + -104750. What is the ten thousands digit of v?
8
Let k(p) be the third derivative of 49*p**4/24 - p**3/3 - p**2 + 36*p. Let s(t) = -t + 2. Let h be s(0). What is the units digit of k(h)?
6
Let j(v) = -v**3 + 31*v**2 - 33*v - 114. What is the thousands digit of j(16)?
3
Suppose 30635 = -7*z + 10*z - 4*r, 0 = 3*r + 15. What is the units digit of z?
5
Suppose -109*w = -3*c - 114*w + 46164, 0 = 2*c + 4*w - 30774. What is the ten thousands digit of c?
1
Let j(g) = 61*g**2 - 93*g + 918. What is the thousands digit of j(11)?
7
Suppose -465 = -2*t - t. Let l = 271 - t. Let d = l - 63. What is the units digit of d?
3
Let y be ((-12)/30)/(((-9)/(-30))/3). Let v be (-17)/y + (36/(-16) - -2). Let z(r) = 8*r**2 + 9*r - 4. What is the units digit of z(v)?
0
Suppose -5*p + 5*m + 47700 = 0, 2*m = 4*p - 36177 - 1975. What is the thousands digit of p?
9
Let y(d) = -486*d - 6631. What is the tens digit of y(-42)?
8
Let s(w) = -9*w - 113. Let q be s(-41). Suppose -q - 1517 = -4*h - 5*l, -l + 885 = 2*h. What is the hundreds digit of h?
4
Suppose -12*i + 104023 + 12257 = 0. What is the hundreds digit of i?
6
Let l(m) = -16 - 12*m**2 + 8*m**3 + 6*m - 5*m - 10*m**3 - 5*m. What is the hundreds digit of l(-8)?
2
Suppose 24*j = 26*j - 80. Let l = j + -28. What is the units digit of 8 - l - (3 + -99)?
2
Let h be (11/44*-3)/(1/(-4)). Suppose -4*j + 2351 = -h*m, 605 = j + 5*m - 0. What is the hundreds digit of j?
5
Let w = 22470 + -15160. What is the units digit of w?
0
Let q = -431 + 12153. What is the ten thousands digit of q?
1
Let b(y) = -14*y - 16*y - 4 - 4*y + 245 + 8*y. What is the hundreds digit of b(-14)?
6
Let m(v) = 5*v**2 - 175*v + 1862. What is the units digit of m(77)?
2
Let c(f) = f**3 + f**2 - 2*f - 1. Let r(j) = j**3 - 10*j**2 - 9*j + 17. Let k(v) = -2*c(v) + r(v). What is the units digit of k(-12)?
9
Suppose -18 = -5*m + 4*u, 30*m + 3*u - 27 = 27*m. Let b(q) = -3 + 10 + 10*q + 7. What is the tens digit of b(m)?
7
Let i = 101 + -100. Wh